e the prime factors of 7237?
7237
List the prime factors of 37363.
37363
What are the prime factors of 175?
5, 7
What are the prime factors of 832?
2, 13
List the prime factors of 1489.
1489
List the prime factors of 2410.
2, 5, 241
List the prime factors of 17609.
17609
List the prime factors of 34160.
2, 5, 7, 61
List the prime factors of 16419.
3, 13, 421
List the prime factors of 905.
5, 181
List the prime factors of 597.
3, 199
List the prime factors of 1022.
2, 7, 73
What are the prime factors of 1277?
1277
List the prime factors of 61769.
19, 3251
List the prime factors of 113128.
2, 79, 179
List the prime factors of 627.
3, 11, 19
What are the prime factors of 12243?
3, 7, 11, 53
What are the prime factors of 6704?
2, 419
What are the prime factors of 39714?
2, 3, 6619
What are the prime factors of 27258?
2, 3, 7, 11, 59
List the prime factors of 2080.
2, 5, 13
What are the prime factors of 12286?
2, 6143
List the prime factors of 6057.
3, 673
What are the prime factors of 45635?
5, 9127
List the prime factors of 10582.
2, 11, 13, 37
List the prime factors of 2184.
2, 3, 7, 13
List the prime factors of 102143.
23, 4441
List the prime factors of 2767.
2767
List the prime factors of 162.
2, 3
What are the prime factors of 311?
311
What are the prime factors of 13829?
13829
List the prime factors of 1434.
2, 3, 239
What are the prime factors of 111360?
2, 3, 5, 29
List the prime factors of 98937.
3, 10993
What are the prime factors of 231?
3, 7, 11
What are the prime factors of 144243?
3, 11, 31, 47
List the prime factors of 54591.
3, 31, 587
List the prime factors of 1833.
3, 13, 47
What are the prime factors of 1143?
3, 127
What are the prime factors of 5004?
2, 3, 139
What are the prime factors of 113966?
2, 56983
List the prime factors of 17873.
61, 293
What are the prime factors of 52858?
2, 13, 19, 107
List the prime factors of 30385.
5, 59, 103
What are the prime factors of 2189?
11, 199
List the prime factors of 25852.
2, 23, 281
List the prime factors of 3282.
2, 3, 547
What are the prime factors of 20672?
2, 17, 19
List the prime factors of 3658.
2, 31, 59
List the prime factors of 38470.
2, 5, 3847
What are the prime factors of 49333?
49333
What are the prime factors of 3215?
5, 643
What are the prime factors of 25892?
2, 6473
What are the prime factors of 7595?
5, 7, 31
List the prime factors of 50685.
3, 5, 31, 109
List the prime factors of 2303.
7, 47
List the prime factors of 2093.
7, 13, 23
List the prime factors of 6012.
2, 3, 167
List the prime factors of 3128.
2, 17, 23
What are the prime factors of 70593?
3, 23531
List the prime factors of 16834.
2, 19, 443
List the prime factors of 42202.
2, 21101
List the prime factors of 9526.
2, 11, 433
What are the prime factors of 1650?
2, 3, 5, 11
List the prime factors of 536.
2, 67
What are the prime factors of 3337?
47, 71
What are the prime factors of 3181?
3181
What are the prime factors of 33838?
2, 7, 2417
What are the prime factors of 12879?
3, 53
List the prime factors of 23693.
19, 29, 43
What are the prime factors of 6291?
3, 233
List the prime factors of 1767.
3, 19, 31
What are the prime factors of 1390?
2, 5, 139
List the prime factors of 9010.
2, 5, 17, 53
What are the prime factors of 1299?
3, 433
What are the prime factors of 4944?
2, 3, 103
List the prime factors of 1313.
13, 101
What are the prime factors of 10205?
5, 13, 157
List the prime factors of 14513.
23, 631
What are the prime factors of 41591?
11, 19, 199
What are the prime factors of 545?
5, 109
What are the prime factors of 2109?
3, 19, 37
What are the prime factors of 966?
2, 3, 7, 23
What are the prime factors of 776?
2, 97
List the prime factors of 4089.
3, 29, 47
What are the prime factors of 2249?
13, 173
List the prime factors of 366.
2, 3, 61
List the prime factors of 358.
2, 179
List the prime factors of 1791.
3, 199
What are the prime factors of 102894?
2, 3, 11, 1559
What are the prime factors of 416?
2, 13
List the prime factors of 893.
19, 47
List the prime factors of 34599.
3, 19, 607
What are the prime factors of 1259?
1259
List the prime factors of 3728.
2, 233
List the prime factors of 89943.
3, 7, 4283
List the prime factors of 45480.
2, 3, 5, 379
What are the prime factors of 21117?
3, 7039
List the prime factors of 18967.
13, 1459
List the prime factors of 19702.
2, 9851
List the prime factors of 27683.
19, 31, 47
What are the prime factors of 822?
2, 3, 137
What are the prime factors of 516?
2, 3, 43
List the prime factors of 19702.
2, 9851
List the prime factors of 6055.
5, 7, 173
What are the prime factors of 284?
2, 71
What are the prime factors of 12317?
109, 113
List the prime factors of 1047.
3, 349
What are the prime factors of 6805?
5, 1361
List the prime factors of 115905.
3, 5, 7727
What are the prime factors of 1762?
2, 881
What are the prime factors of 149031?
3, 29, 571
What are the prime factors of 3411?
3, 379
List the prime factors of 1091.
1091
List the prime factors of 637.
7, 13
What are the prime factors of 20124?
2, 3, 13, 43
List the prime factors of 32864.
2, 13, 79
List the prime factors of 27899.
23, 1213
List the prime factors of 2026.
2, 1013
List the prime factors of 309.
3, 103
List the prime factors of 15573.
3, 29, 179
List the prime factors of 24876.
2, 3, 691
List the prime factors of 2514.
2, 3, 419
What are the prime factors of 2322?
2, 3, 43
List the prime factors of 10009.
10009
List the prime factors of 623.
7, 89
What are the prime factors of 933?
3, 311
List the prime factors of 1454.
2, 727
List the prime factors of 35906.
2, 13, 1381
What are the prime factors of 12892?
2, 11, 293
What are the prime factors of 4588?
2, 31, 37
List the prime factors of 593.
593
List the prime factors of 16988.
2, 31, 137
What are the prime factors of 353?
353
What are the prime factors of 9131?
23, 397
What are the prime factors of 2435?
5, 487
What are the prime factors of 874?
2, 19, 23
What are the prime factors of 2032?
2, 127
List the prime factors of 1208.
2, 151
List the prime factors of 273.
3, 7, 13
List the prime factors of 1195.
5, 239
What are the prime factors of 19?
19
List the prime factors of 133259.
7, 19037
List the prime factors of 4020.
2, 3, 5, 67
List the prime factors of 1387.
19, 73
List the prime factors of 38805.
3, 5, 13, 199
List the prime factors of 2471.
7, 353
List the prime factors of 12519.
3, 13, 107
List the prime factors of 11993.
67, 179
What are the prime factors of 4989?
3, 1663
What are the prime factors of 11916?
2, 3, 331
What are the prime factors of 157116?
2, 3, 13093
List the prime factors of 1007.
19, 53
List the prime factors of 357.
3, 7, 17
List the prime factors of 1016.
2, 127
What are the prime factors of 9925?
5, 397
What are the prime factors of 892?
2, 223
What are the prime factors of 52040?
2, 5, 1301
What are the prime factors of 42847?
7, 6121
List the prime factors of 14038.
2, 7019
List the prime factors of 410.
2, 5, 41
What are the prime factors of 17708?
2, 19, 233
List the prime factors of 14370.
2, 3, 5, 479
What are the prime factors of 477?
3, 53
List the prime factors of 3934.
2, 7, 281
What are the prime factors of 53143?
19, 2797
List the prime factors of 22640.
2, 5, 283
List the prime factors of 1313.
13, 101
List the prime factors of 4213.
11, 383
What are the prime factors of 44957?
11, 61, 67
List the prime factors of 406.
2, 7, 29
List the prime factors of 1182.
2, 3, 197
List the prime factors of 2810.
2, 5, 281
List the prime factors of 80567.
80567
What are the prime factors of 4440?
2, 3, 5, 37
What are the prime factors of 8288?
2, 7, 37
What are the prime factors of 141689?
141689
List the prime factors of 1133.
11, 103
List the prime factors of 1712.
2, 107
What are the prime factors of 24824?
2, 29, 107
List the prime factors of 106470.
2, 3, 5, 7, 13
What are the prime factors of 1330?
2, 5, 7, 19
List the prime factors of 4578.
2, 3, 7, 109
List the prime factors of 621.
3, 23
List the prime factors of 988.
2, 13, 19
List the prime factors of 1270.
2, 5, 127
List the prime factors of 8179.
8179
List the prime factors of 2424.
2, 3, 101
What are the prime factors of 703?
19, 37
What are the prime factors of 8339?
31, 269
What are the prime factors of 644?
2, 7, 23
L